 is the units digit of s(6)?
4
What is the tens digit of 38/(-38) + 20*52?
3
Let w be -3 + 2 - (-19 - -3). Let s(t) = 8*t + 5. What is the units digit of s(w)?
5
Suppose -16 = 2*g - 2*u, 0*g + 3*u - 21 = 2*g. What is the units digit of 2/10 - (56/(-20) + g)?
6
Let l be ((-9)/(-6))/(6/(-8)). What is the tens digit of (632/(-12))/(l/6)?
5
Let t be 6/8 - 507/(-12). Suppose -2*w - w = -u + 33, -5*w - t = -u. What is the units digit of u?
8
Let f = 0 - -5. Suppose -f = -3*p + 10. Suppose -p*k - 119 = -3*x, 0 = 4*x + x - 4*k - 207. What is the tens digit of x?
4
Let j be (2*1)/((-1)/(-3)). Let c(n) = 37*n**2 - 3. Let y be c(-1). Suppose -j*w = -176 - y. What is the units digit of w?
5
Suppose -6*x + 10*x + 4 = 0. Let t be (-10)/15*(-6)/x. What is the units digit of (t + 6)/((-1)/(-17))?
4
Let a(u) = -u**3 - 8*u**2 + u + 3. Let v be a(-8). Let y be 160/(-50) - 1/v. Let o(s) = s**3 + 4*s**2 - 1. What is the units digit of o(y)?
8
Let s(u) = 16 - 9 + 4*u - 9 + 0*u. What is the tens digit of s(14)?
5
Suppose -4*j + 1004 + 500 = 0. What is the hundreds digit of j?
3
Let x(k) = -96*k**3 + 7*k**2 + 6*k - 1. What is the thousands digit of x(-4)?
6
Let j = -43 + 46. Suppose -j*m = -88 + 31. What is the tens digit of m?
1
Suppose 9*y - 12 = 6*y. Suppose 35 = -y*a - 29. Let o = a - -30. What is the units digit of o?
4
Suppose 33*i - 3031 - 35282 = 0. What is the hundreds digit of i?
1
Suppose -5*s + 26 = 4*t - 3*s, 5*t = -2*s + 31. Suppose -t*z + 4*z + 77 = 0. What is the units digit of z?
7
Let y(p) = -p**2 - 4*p + 9. Let r be y(-5). Suppose -l + r*w - 78 = -2*l, -2*l + 178 = -3*w. What is the tens digit of l?
8
Let x = -6614 + 11229. What is the hundreds digit of x?
6
Let l = 9171 - 6050. What is the tens digit of l?
2
Let x(m) = m + 12. Let c be x(0). Let l(h) = h - 10. Let n be l(c). Suppose q + 0*u - 5 = -3*u, 18 = n*q + 2*u. What is the tens digit of q?
1
Let y(r) = -126*r**3 - 4*r**2 - 6*r - 1. What is the hundreds digit of y(-1)?
1
Suppose 5*n + 6*l - 5*l - 3257 = 0, 2*n + 5*l = 1289. What is the hundreds digit of n?
6
Let f = 3010 + -1999. What is the tens digit of f?
1
Let c(r) = -4*r + 12. Let b be c(4). Let v be (-13 + (-4)/b)/(-2). What is the units digit of (v/(-6))/(2/(-84))?
2
Suppose -3*u + 2*q = -3*q - 385, -3*u + q + 377 = 0. Let y = -1 - -6. Suppose j - y*j - u = -5*b, -2*b - 4*j = -22. What is the tens digit of b?
2
Let p(x) = -4*x + 453. What is the units digit of p(0)?
3
Let f(a) = 8*a + 3. Let q be (4/(-6))/(12/54). Let i be f(q). Let l = 10 - i. What is the tens digit of l?
3
Suppose -n - 408 = -4*n. Suppose q - 141 = n. What is the units digit of q?
7
Let t(p) = 2*p**2 + 16*p + 54. What is the hundreds digit of t(9)?
3
Suppose 0 = 3*v + 2*b - 26, 0 = -0*v + 4*v - 4*b - 68. Suppose 76 = g + v. What is the units digit of g?
4
What is the tens digit of 5 + -93*(-2 + (-28)/12)?
0
Let q(d) = -4*d + 32. Let i be q(8). Suppose -z - 4*y + 107 = i, -4*z + 4*y - 6*y + 498 = 0. What is the units digit of z?
7
Suppose 7*h - 14 = -203. Let i = 55 + h. What is the units digit of i?
8
Suppose -s + 192 = -333. What is the tens digit of s?
2
Suppose 1807 = 3*b - 4*c, -b + 5*c + 57 + 527 = 0. What is the units digit of b?
9
Let k(d) = 107*d + 445. What is the hundreds digit of k(13)?
8
Let c be (5 - 1)*5/4. Suppose -c*k + 2*g = -453, -35 + 229 = 2*k - 4*g. What is the units digit of k?
9
Let k be (-3)/(-27)*-3*-3. What is the units digit of 2 - k - 10/(-1)?
1
Let w be -3 + 52/20 + 24/(-15). What is the tens digit of ((-14)/42)/(w/444)?
7
Let y be (-36)/(-20)*175/15. Suppose y - 3 = 3*q. What is the units digit of q?
6
Suppose -8*l = -3*l + 5. Let i = l - -3. Suppose -i*k = 14 - 40. What is the tens digit of k?
1
Let r(a) be the first derivative of 8*a**3/3 - 9*a**2/2 + 15*a + 9. What is the units digit of r(4)?
7
Suppose 33*q - 32490 = -3054. What is the units digit of q?
2
Suppose 0*k - k - 14 = -2*j, 0 = 3*k + 5*j + 9. Let q(n) = 3*n**2 + 8*n + 21. What is the hundreds digit of q(k)?
1
Suppose 0 = i + 4*y - 110, -4*y - 368 = -4*i - 2*y. What is the units digit of i?
4
Suppose 14*n - 42 = 8*n. Suppose n = a - 3. What is the tens digit of a?
1
Suppose 6*g + 144 = 4*g. Let x = -28 - g. What is the tens digit of x?
4
Suppose -2*w = 0, 5*w + 2534 = 24*h - 22*h. What is the units digit of h?
7
Suppose 26*c = 23*c + 4923. What is the hundreds digit of c?
6
Suppose -2*k + 6 = -w, -4*k + 0*k + 16 = -3*w. Let h = k - -21. What is the units digit of h?
2
Suppose -2*w - 2*p = p - 2296, 4*w = -4*p + 4596. What is the tens digit of w?
5
Suppose 3*g - 4241 = 3805. What is the hundreds digit of g?
6
Let t = 516 - 248. What is the hundreds digit of t?
2
Suppose 26 + 22 = -4*w. Let t be (-118)/(-6) + w/(-36). Suppose -t = 10*n - 12*n. What is the units digit of n?
0
Let x be (76 - -15)/(0 + 1). Suppose -3*o = z - o - x, 5*z - 4*o = 511. What is the tens digit of z?
9
What is the hundreds digit of (24/16 + -1)/((-3)/(-2616))?
4
What is the hundreds digit of (2 + -1621)*(-38 - -35)?
8
Let h(a) = -35*a + 72. What is the hundreds digit of h(-12)?
4
Let f(x) = x**2 - 14*x + 15. Suppose 3*m - 19 = -5*l + 40, m - 11 = -l. What is the units digit of f(l)?
2
Suppose 3*f - 4*g = 5690, 3*g = 6*f - 3*f - 5694. What is the thousands digit of f?
1
Let o be (-35)/(-6) + (-4)/(-24). Let d be 46/14 + o/(-21). Suppose -3*z - 2*z - 4*u + 158 = 0, 161 = 5*z + d*u. What is the units digit of z?
4
Let l(i) = -i**3 + 8*i**2 - 6*i - 3. Let q be l(7). What is the tens digit of (-3)/q + 1599/52?
3
Let u = 352 - 147. What is the hundreds digit of u?
2
Suppose 16*k = 4192 + 11168. What is the units digit of k?
0
Let g(v) be the first derivative of v**4 + v**2 - 2*v + 18. What is the units digit of g(1)?
4
Suppose -1166*c + 1172*c - 6210 = 0. What is the units digit of c?
5
Let s(p) = 2*p + 23. Let m be s(-11). Suppose -8*w + 25 - m = 0. What is the units digit of w?
3
Let p(r) = r**3 - 4*r**2 + r + 7. Let h be p(4). Let s(f) = 2*f**2 - 13*f + 21. What is the units digit of s(h)?
0
Let i = -264 + 280. What is the tens digit of i?
1
Let a(x) be the third derivative of x**6/120 + 3*x**5/20 + 7*x**4/24 + 13*x**3/6 - 6*x**2. What is the units digit of a(-6)?
9
Let h = -4 + -15. Let q = h + 124. What is the units digit of q?
5
Suppose -3 = p + r, -4*p + 3*r + 4 - 2 = 0. Let o = p - -6. Suppose o*x + 2*d - 117 = 0, 3*x + 0*d - 83 = 2*d. What is the units digit of x?
5
Let q(v) = 6*v**2 + 9*v + 130. What is the tens digit of q(-13)?
2
Suppose 3*j = -15, 3*g - 149 = -3*j + 1039. What is the hundreds digit of g?
4
Let s = 95 + 131. What is the hundreds digit of s?
2
Suppose -138 = n - 4*d + 2*d, 0 = n + 4*d + 156. Let c be (n/15)/(9/(-30)). What is the units digit of c/6 - 2/6?
5
Let k(a) = 3578*a + 47. What is the hundreds digit of k(1)?
6
Suppose -8635 - 5037 = -4*w. What is the tens digit of w?
1
Let d(y) = y**2. Let i be d(1). What is the units digit of (-3 + 10)/((-1)/(-23)) + i?
2
Let o be ((-8)/2)/(48/(-1800)). Suppose 2*a - o - 166 = -4*d, 3*d - 612 = -4*a. What is the tens digit of a?
5
Suppose 4*y = -l + 21, 2*l = 2*y + 4*l - 6. Suppose -305 = i - y*i. Suppose i = 4*d - 115. What is the units digit of d?
4
Suppose 6*x - 2*x - 3*i - 2939 = 0, -4*x = i - 2951. What is the hundreds digit of x?
7
Suppose 0 = -3*p + 5*v + 4 + 2, 5*p - 10 = 3*v. Let q be 30/(-10) + 34/p. What is the units digit of ((-12)/q)/((-1)/28)?
4
Let g(d) = 7*d - 3. Let q be g(1). Suppose -q*w - 13*w + 2329 = 0. What is the hundreds digit of w?
1
Suppose -4*f - g - 23 = 1, -18 = 2*f + 2*g. Let z = f + 9. Suppose -z*r + 5 = -27. What is the units digit of r?
8
Let c = 108 - 172. What is the tens digit of c/8 + 9 + -1 + 290?
9
What is the units digit of (9/2)/((390/(-280))/(-13))?
2
Suppose 0 = -11*o + 749 + 417. What is the tens digit of o?
0
Let x(s) = 3*s + 5. Let v be x(-17). Let h = 28 - v. What is the units digit of h?
4
Suppose 3*f - 15 = -2*f. Let w = f + 3. What is the units digit of w/(-4)*40/(-3)?
0
Let j(o) = 1 + 9*o - 17*o + 0. Let w be j(-1). Let y(h) = h**3 - 10*h**2 + 10*h + 8. What is the tens digit of y(w)?
1
Let i(s) = 4*s**2 + 6*s + 3. Suppose 0 = -4*x + 2*b - 36, 3*b - 42 = 5*x + 2*b. What is the units digit of i(x)?
1
Suppose -3*v = 3*w - 816, 5*v - 9*w = -6*w + 1384. What is the hundreds digit of v?
2
